{"id":978,"date":"2021-07-23T11:40:30","date_gmt":"2021-07-23T14:40:30","guid":{"rendered":"https:\/\/bateriasparana.com\/?page_id=978"},"modified":"2022-11-23T16:31:42","modified_gmt":"2022-11-23T18:31:42","slug":"perguntas-frequentes","status":"publish","type":"page","link":"https:\/\/bateriasparana.com\/espanol\/perguntas-frequentes\/","title":{"rendered":"Preguntas Frecuentes"},"content":{"rendered":"<div data-elementor-type=\"wp-page\" data-elementor-id=\"978\" class=\"elementor elementor-978\">\n\t\t\t\t\t\t<div class=\"elementor-inner\">\n\t\t\t\t<div class=\"elementor-section-wrap\">\n\t\t\t\t\t\t\t\t\t<section class=\"elementor-section elementor-top-section elementor-element elementor-element-c60029f elementor-section-boxed elementor-section-height-default elementor-section-height-default\" data-id=\"c60029f\" data-element_type=\"section\">\n\t\t\t\t\t\t<div class=\"elementor-container elementor-column-gap-default\">\n\t\t\t\t\t\t\t<div class=\"elementor-row\">\n\t\t\t\t\t<div class=\"elementor-column elementor-col-100 elementor-top-column elementor-element elementor-element-310cbf2\" data-id=\"310cbf2\" data-element_type=\"column\">\n\t\t\t<div class=\"elementor-column-wrap\">\n\t\t\t\t\t\t\t<div class=\"elementor-widget-wrap\">\n\t\t\t\t\t\t\t\t<\/div>\n\t\t\t\t\t<\/div>\n\t\t<\/div>\n\t\t\t\t\t\t\t\t<\/div>\n\t\t\t\t\t<\/div>\n\t\t<\/section>\n\t\t\t\t<section class=\"elementor-section elementor-top-section elementor-element elementor-element-41aaf8b elementor-section-boxed elementor-section-height-default elementor-section-height-default\" data-id=\"41aaf8b\" data-element_type=\"section\">\n\t\t\t\t\t\t<div class=\"elementor-container elementor-column-gap-default\">\n\t\t\t\t\t\t\t<div class=\"elementor-row\">\n\t\t\t\t\t<div class=\"elementor-column elementor-col-100 elementor-top-column elementor-element elementor-element-d1c4e0c\" data-id=\"d1c4e0c\" data-element_type=\"column\">\n\t\t\t<div class=\"elementor-column-wrap elementor-element-populated\">\n\t\t\t\t\t\t\t<div class=\"elementor-widget-wrap\">\n\t\t\t\t\t\t<div class=\"elementor-element elementor-element-a6915e6 elementor-widget elementor-widget-spacer\" data-id=\"a6915e6\" data-element_type=\"widget\" data-widget_type=\"spacer.default\">\n\t\t\t\t<div class=\"elementor-widget-container\">\n\t\t\t\t\t<div class=\"elementor-spacer\">\n\t\t\t<div class=\"elementor-spacer-inner\"><\/div>\n\t\t<\/div>\n\t\t\t\t<\/div>\n\t\t\t\t<\/div>\n\t\t\t\t\t\t<\/div>\n\t\t\t\t\t<\/div>\n\t\t<\/div>\n\t\t\t\t\t\t\t\t<\/div>\n\t\t\t\t\t<\/div>\n\t\t<\/section>\n\t\t\t\t<section class=\"elementor-section elementor-top-section elementor-element elementor-element-74fefe5 elementor-section-boxed elementor-section-height-default elementor-section-height-default\" data-id=\"74fefe5\" data-element_type=\"section\" data-settings=\"{&quot;background_background&quot;:&quot;classic&quot;}\">\n\t\t\t\t\t\t<div class=\"elementor-container elementor-column-gap-default\">\n\t\t\t\t\t\t\t<div class=\"elementor-row\">\n\t\t\t\t\t<div class=\"elementor-column elementor-col-100 elementor-top-column elementor-element elementor-element-0b67890\" data-id=\"0b67890\" data-element_type=\"column\">\n\t\t\t<div class=\"elementor-column-wrap elementor-element-populated\">\n\t\t\t\t\t\t\t<div class=\"elementor-widget-wrap\">\n\t\t\t\t\t\t<div class=\"elementor-element elementor-element-2aff62a elementor-widget elementor-widget-spacer\" data-id=\"2aff62a\" data-element_type=\"widget\" data-widget_type=\"spacer.default\">\n\t\t\t\t<div class=\"elementor-widget-container\">\n\t\t\t\t\t<div class=\"elementor-spacer\">\n\t\t\t<div class=\"elementor-spacer-inner\"><\/div>\n\t\t<\/div>\n\t\t\t\t<\/div>\n\t\t\t\t<\/div>\n\t\t\t\t<div class=\"elementor-element elementor-element-d11db3e elementor-widget elementor-widget-heading\" data-id=\"d11db3e\" data-element_type=\"widget\" data-widget_type=\"heading.default\">\n\t\t\t\t<div class=\"elementor-widget-container\">\n\t\t\t<h1 class=\"elementor-heading-title elementor-size-default\">Preguntas Frecuentes<\/h1>\t\t<\/div>\n\t\t\t\t<\/div>\n\t\t\t\t<div class=\"elementor-element elementor-element-009d5bf elementor-widget elementor-widget-spacer\" data-id=\"009d5bf\" data-element_type=\"widget\" data-widget_type=\"spacer.default\">\n\t\t\t\t<div class=\"elementor-widget-container\">\n\t\t\t\t\t<div class=\"elementor-spacer\">\n\t\t\t<div class=\"elementor-spacer-inner\"><\/div>\n\t\t<\/div>\n\t\t\t\t<\/div>\n\t\t\t\t<\/div>\n\t\t\t\t\t\t<\/div>\n\t\t\t\t\t<\/div>\n\t\t<\/div>\n\t\t\t\t\t\t\t\t<\/div>\n\t\t\t\t\t<\/div>\n\t\t<\/section>\n\t\t\t\t<section class=\"elementor-section elementor-top-section elementor-element elementor-element-ea78214 elementor-section-boxed elementor-section-height-default elementor-section-height-default\" data-id=\"ea78214\" data-element_type=\"section\">\n\t\t\t\t\t\t<div class=\"elementor-container elementor-column-gap-default\">\n\t\t\t\t\t\t\t<div class=\"elementor-row\">\n\t\t\t\t\t<div class=\"elementor-column elementor-col-100 elementor-top-column elementor-element elementor-element-7a7c15b\" data-id=\"7a7c15b\" data-element_type=\"column\">\n\t\t\t<div class=\"elementor-column-wrap elementor-element-populated\">\n\t\t\t\t\t\t\t<div class=\"elementor-widget-wrap\">\n\t\t\t\t\t\t<div class=\"elementor-element elementor-element-f657c0c elementor-widget elementor-widget-spacer\" data-id=\"f657c0c\" data-element_type=\"widget\" data-widget_type=\"spacer.default\">\n\t\t\t\t<div class=\"elementor-widget-container\">\n\t\t\t\t\t<div class=\"elementor-spacer\">\n\t\t\t<div class=\"elementor-spacer-inner\"><\/div>\n\t\t<\/div>\n\t\t\t\t<\/div>\n\t\t\t\t<\/div>\n\t\t\t\t\t\t<\/div>\n\t\t\t\t\t<\/div>\n\t\t<\/div>\n\t\t\t\t\t\t\t\t<\/div>\n\t\t\t\t\t<\/div>\n\t\t<\/section>\n\t\t\t\t<section class=\"elementor-section elementor-top-section elementor-element elementor-element-5b1fb89 elementor-section-boxed elementor-section-height-default elementor-section-height-default\" data-id=\"5b1fb89\" data-element_type=\"section\" data-settings=\"{&quot;background_background&quot;:&quot;classic&quot;}\">\n\t\t\t\t\t\t<div class=\"elementor-container elementor-column-gap-default\">\n\t\t\t\t\t\t\t<div class=\"elementor-row\">\n\t\t\t\t\t<div class=\"elementor-column elementor-col-100 elementor-top-column elementor-element elementor-element-58d204e\" data-id=\"58d204e\" data-element_type=\"column\">\n\t\t\t<div class=\"elementor-column-wrap elementor-element-populated\">\n\t\t\t\t\t\t\t<div class=\"elementor-widget-wrap\">\n\t\t\t\t\t\t<div class=\"elementor-element elementor-element-0bb0273 elementor-widget elementor-widget-spacer\" data-id=\"0bb0273\" data-element_type=\"widget\" data-widget_type=\"spacer.default\">\n\t\t\t\t<div class=\"elementor-widget-container\">\n\t\t\t\t\t<div class=\"elementor-spacer\">\n\t\t\t<div class=\"elementor-spacer-inner\"><\/div>\n\t\t<\/div>\n\t\t\t\t<\/div>\n\t\t\t\t<\/div>\n\t\t\t\t<div class=\"elementor-element elementor-element-5cf5393 elementor-widget elementor-widget-toggle\" data-id=\"5cf5393\" data-element_type=\"widget\" data-widget_type=\"toggle.default\">\n\t\t\t\t<div class=\"elementor-widget-container\">\n\t\t\t\t\t<div class=\"elementor-toggle\" role=\"tablist\">\n\t\t\t\t\t\t\t<div class=\"elementor-toggle-item\">\n\t\t\t\t\t<div id=\"elementor-tab-title-9741\" class=\"elementor-tab-title\" data-tab=\"1\" role=\"tab\" aria-controls=\"elementor-tab-content-9741\" aria-expanded=\"false\">\n\t\t\t\t\t\t\t\t\t\t\t\t<a href=\"\" class=\"elementor-toggle-title\">\u00bfCu\u00e1l es el procedimiento adecuado para un arranque r\u00e1pido?<\/a>\n\t\t\t\t\t<\/div>\n\n\t\t\t\t\t<div id=\"elementor-tab-content-9741\" class=\"elementor-tab-content elementor-clearfix\" data-tab=\"1\" role=\"tabpanel\" aria-labelledby=\"elementor-tab-title-9741\"><p>El arranque auxiliar solo debe realizarse en situaciones de emergencia. En la mayor\u00eda de los casos, se hace de forma incorrecta, lo que puede provocar un sobrecalentamiento de los cables e incluso accidentes.<\/p><p>Para realizar de forma correta a transfer\u00eancia de carga, voc\u00ea deve:<\/p><ol><li>Usando un cable auxiliar, primero haga la conexi\u00f3n entre los polos positivos de las dos bater\u00edas;<\/li><li>Luego, preferentemente, haga la conexi\u00f3n entre los polos negativos de las bater\u00edas, si esto no es posible, conecte entre los puntos de tierra del veh\u00edculo (ejemplo: bastidor del motor);<\/li><li>Espere a que la bater\u00eda cargada transfiera la carga a la bater\u00eda descargada durante 5 minutos. Esto ser\u00e1 fundamental para no sobrecalentar el cable auxiliar al arrancar.<\/li><li>A continuaci\u00f3n, debe arrancar el veh\u00edculo que ten\u00eda la bater\u00eda descargada;<\/li><li>Espere a que el veh\u00edculo estabilice la rotaci\u00f3n del motor y retire los cables, desconectando primero los terminales negativos y luego los terminales positivos.<\/li><\/ol><\/div>\n\t\t\t\t<\/div>\n\t\t\t\t\t\t\t\t<\/div>\n\t\t\t\t<\/div>\n\t\t\t\t<\/div>\n\t\t\t\t\t\t<\/div>\n\t\t\t\t\t<\/div>\n\t\t<\/div>\n\t\t\t\t\t\t\t\t<\/div>\n\t\t\t\t\t<\/div>\n\t\t<\/section>\n\t\t\t\t<section class=\"elementor-section elementor-top-section elementor-element elementor-element-5e702ce elementor-section-boxed elementor-section-height-default elementor-section-height-default\" data-id=\"5e702ce\" data-element_type=\"section\" data-settings=\"{&quot;background_background&quot;:&quot;classic&quot;}\">\n\t\t\t\t\t\t<div class=\"elementor-container elementor-column-gap-default\">\n\t\t\t\t\t\t\t<div class=\"elementor-row\">\n\t\t\t\t\t<div class=\"elementor-column elementor-col-100 elementor-top-column elementor-element elementor-element-ec30d36\" data-id=\"ec30d36\" data-element_type=\"column\">\n\t\t\t<div class=\"elementor-column-wrap elementor-element-populated\">\n\t\t\t\t\t\t\t<div class=\"elementor-widget-wrap\">\n\t\t\t\t\t\t<div class=\"elementor-element elementor-element-ac784da elementor-widget elementor-widget-spacer\" data-id=\"ac784da\" data-element_type=\"widget\" data-widget_type=\"spacer.default\">\n\t\t\t\t<div class=\"elementor-widget-container\">\n\t\t\t\t\t<div class=\"elementor-spacer\">\n\t\t\t<div class=\"elementor-spacer-inner\"><\/div>\n\t\t<\/div>\n\t\t\t\t<\/div>\n\t\t\t\t<\/div>\n\t\t\t\t\t\t<\/div>\n\t\t\t\t\t<\/div>\n\t\t<\/div>\n\t\t\t\t\t\t\t\t<\/div>\n\t\t\t\t\t<\/div>\n\t\t<\/section>\n\t\t\t\t<section class=\"elementor-section elementor-top-section elementor-element elementor-element-77d18dc elementor-section-boxed elementor-section-height-default elementor-section-height-default\" data-id=\"77d18dc\" data-element_type=\"section\" data-settings=\"{&quot;background_background&quot;:&quot;classic&quot;}\">\n\t\t\t\t\t\t<div class=\"elementor-container elementor-column-gap-default\">\n\t\t\t\t\t\t\t<div class=\"elementor-row\">\n\t\t\t\t\t<div class=\"elementor-column elementor-col-100 elementor-top-column elementor-element elementor-element-29f3e04\" data-id=\"29f3e04\" data-element_type=\"column\">\n\t\t\t<div class=\"elementor-column-wrap elementor-element-populated\">\n\t\t\t\t\t\t\t<div class=\"elementor-widget-wrap\">\n\t\t\t\t\t\t<div class=\"elementor-element elementor-element-f91a9fd elementor-widget elementor-widget-toggle\" data-id=\"f91a9fd\" data-element_type=\"widget\" data-widget_type=\"toggle.default\">\n\t\t\t\t<div class=\"elementor-widget-container\">\n\t\t\t\t\t<div class=\"elementor-toggle\" role=\"tablist\">\n\t\t\t\t\t\t\t<div class=\"elementor-toggle-item\">\n\t\t\t\t\t<div id=\"elementor-tab-title-2611\" class=\"elementor-tab-title\" data-tab=\"1\" role=\"tab\" aria-controls=\"elementor-tab-content-2611\" aria-expanded=\"false\">\n\t\t\t\t\t\t\t\t\t\t\t\t<a href=\"\" class=\"elementor-toggle-title\">\u00bfC\u00f3mo se debe reemplazar la bater\u00eda?<\/a>\n\t\t\t\t\t<\/div>\n\n\t\t\t\t\t<div id=\"elementor-tab-content-2611\" class=\"elementor-tab-content elementor-clearfix\" data-tab=\"1\" role=\"tabpanel\" aria-labelledby=\"elementor-tab-title-2611\"><div><p>Por ser un producto que involucra electricidad y materiales qu\u00edmicos, se recomienda que la instalaci\u00f3n de una bater\u00eda sea realizada por un profesional especializado.\u00a0<\/p><p>Al momento de reemplazar la bater\u00eda, se deben considerar todos los requisitos el\u00e9ctricos del veh\u00edculo, incluidas las opciones adicionales, como sonido, alarmas y rastreadores. Recuerde: el tama\u00f1o y el uso adecuados de la bater\u00eda garantizar\u00e1n una vida \u00fatil m\u00e1s larga.\u00a0<\/p><p>Para el reemplazo, siga estos pasos:<\/p><ol><li>Mantenga el motor del veh\u00edculo y todos los accesorios el\u00e9ctricos apagados.\u00a0<\/li><li>Desconecte primero el terminal negativo y luego el terminal positivo.<\/li><li>Afloje el sistema de fijaci\u00f3n y extraiga la bater\u00eda.<\/li><li>Verifique que el soporte de la bater\u00eda est\u00e9 listo para recibir la bater\u00eda nueva.<\/li><li>Instale la bater\u00eda nueva y vuelva a bloquear todo el sistema de fijaci\u00f3n.<\/li><li>Comience conectando la terminal positiva y luego la terminal negativa. Esto evitar\u00e1 cortocircuitos y posibles accidentes.<\/li><li>\u00bfC\u00f3mo se debe desechar una bater\u00eda agotada?<\/li><\/ol><\/div><div><p>Las bater\u00edas de autom\u00f3viles tienen componentes que pueden ser da\u00f1inos para el medio ambiente si se desechan de manera incorrecta.<\/p><p>Cuando se desechan correctamente, las bater\u00edas se reciclan y se reutiliza hasta el 99% de sus componentes.\u00a0<\/p><p>Por tanto, siempre que cambie la bater\u00eda, entregue la unidad agotada al punto de venta, que le dar\u00e1 el destino correcto.<\/p><\/div><\/div>\n\t\t\t\t<\/div>\n\t\t\t\t\t\t\t\t<\/div>\n\t\t\t\t<\/div>\n\t\t\t\t<\/div>\n\t\t\t\t\t\t<\/div>\n\t\t\t\t\t<\/div>\n\t\t<\/div>\n\t\t\t\t\t\t\t\t<\/div>\n\t\t\t\t\t<\/div>\n\t\t<\/section>\n\t\t\t\t<section class=\"elementor-section elementor-top-section elementor-element elementor-element-452f236 elementor-section-boxed elementor-section-height-default elementor-section-height-default\" data-id=\"452f236\" data-element_type=\"section\" data-settings=\"{&quot;background_background&quot;:&quot;classic&quot;}\">\n\t\t\t\t\t\t<div class=\"elementor-container elementor-column-gap-default\">\n\t\t\t\t\t\t\t<div class=\"elementor-row\">\n\t\t\t\t\t<div class=\"elementor-column elementor-col-100 elementor-top-column elementor-element elementor-element-9e9ad55\" data-id=\"9e9ad55\" data-element_type=\"column\">\n\t\t\t<div class=\"elementor-column-wrap elementor-element-populated\">\n\t\t\t\t\t\t\t<div class=\"elementor-widget-wrap\">\n\t\t\t\t\t\t<div class=\"elementor-element elementor-element-09ed5a8 elementor-widget elementor-widget-spacer\" data-id=\"09ed5a8\" data-element_type=\"widget\" data-widget_type=\"spacer.default\">\n\t\t\t\t<div class=\"elementor-widget-container\">\n\t\t\t\t\t<div class=\"elementor-spacer\">\n\t\t\t<div class=\"elementor-spacer-inner\"><\/div>\n\t\t<\/div>\n\t\t\t\t<\/div>\n\t\t\t\t<\/div>\n\t\t\t\t\t\t<\/div>\n\t\t\t\t\t<\/div>\n\t\t<\/div>\n\t\t\t\t\t\t\t\t<\/div>\n\t\t\t\t\t<\/div>\n\t\t<\/section>\n\t\t\t\t<section class=\"elementor-section elementor-top-section elementor-element elementor-element-51d28d8 elementor-section-boxed elementor-section-height-default elementor-section-height-default\" data-id=\"51d28d8\" data-element_type=\"section\" data-settings=\"{&quot;background_background&quot;:&quot;classic&quot;}\">\n\t\t\t\t\t\t<div class=\"elementor-container elementor-column-gap-default\">\n\t\t\t\t\t\t\t<div class=\"elementor-row\">\n\t\t\t\t\t<div class=\"elementor-column elementor-col-100 elementor-top-column elementor-element elementor-element-0a5b560\" data-id=\"0a5b560\" data-element_type=\"column\">\n\t\t\t<div class=\"elementor-column-wrap elementor-element-populated\">\n\t\t\t\t\t\t\t<div class=\"elementor-widget-wrap\">\n\t\t\t\t\t\t<div class=\"elementor-element elementor-element-b05abe2 elementor-widget elementor-widget-toggle\" data-id=\"b05abe2\" data-element_type=\"widget\" data-widget_type=\"toggle.default\">\n\t\t\t\t<div class=\"elementor-widget-container\">\n\t\t\t\t\t<div class=\"elementor-toggle\" role=\"tablist\">\n\t\t\t\t\t\t\t<div class=\"elementor-toggle-item\">\n\t\t\t\t\t<div id=\"elementor-tab-title-1841\" class=\"elementor-tab-title\" data-tab=\"1\" role=\"tab\" aria-controls=\"elementor-tab-content-1841\" aria-expanded=\"false\">\n\t\t\t\t\t\t\t\t\t\t\t\t<a href=\"\" class=\"elementor-toggle-title\">\u00bfC\u00f3mo se debe desechar una bater\u00eda agotada?<\/a>\n\t\t\t\t\t<\/div>\n\n\t\t\t\t\t<div id=\"elementor-tab-content-1841\" class=\"elementor-tab-content elementor-clearfix\" data-tab=\"1\" role=\"tabpanel\" aria-labelledby=\"elementor-tab-title-1841\"><p>Las bater\u00edas de autom\u00f3viles tienen componentes que pueden ser da\u00f1inos para el medio ambiente si se desechan de manera incorrecta. Sin embargo, se puede reciclar hasta el 99% de una bater\u00eda. Para desechar correctamente una bater\u00eda, simplemente entr\u00e9guela en un punto de venta de bater\u00edas, que le indicar\u00e1 el destino correcto.<\/p><\/div>\n\t\t\t\t<\/div>\n\t\t\t\t\t\t\t\t<\/div>\n\t\t\t\t<\/div>\n\t\t\t\t<\/div>\n\t\t\t\t<div class=\"elementor-element elementor-element-c7b5da7 elementor-widget elementor-widget-spacer\" data-id=\"c7b5da7\" data-element_type=\"widget\" data-widget_type=\"spacer.default\">\n\t\t\t\t<div class=\"elementor-widget-container\">\n\t\t\t\t\t<div class=\"elementor-spacer\">\n\t\t\t<div class=\"elementor-spacer-inner\"><\/div>\n\t\t<\/div>\n\t\t\t\t<\/div>\n\t\t\t\t<\/div>\n\t\t\t\t\t\t<\/div>\n\t\t\t\t\t<\/div>\n\t\t<\/div>\n\t\t\t\t\t\t\t\t<\/div>\n\t\t\t\t\t<\/div>\n\t\t<\/section>\n\t\t\t\t\t\t\t\t\t<\/div>\n\t\t\t<\/div>\n\t\t\t\t\t<\/div>","protected":false},"excerpt":{"rendered":"<p>Perguntas Frequentes Qual \u00e9 o procedimento adequado para uma partida auxiliar? A partida auxiliar deve ser realizada apenas em situa\u00e7\u00f5es de emerg\u00eancia. Na maioria dos casos, ela \u00e9 feita de forma incorreta, o que pode ocasionar superaquecimento dos cabos e, at\u00e9 mesmo, acidentes. Para realizar de forma correta a transfer\u00eancia de carga, voc\u00ea deve: Utilizando [&hellip;]<\/p>","protected":false},"author":1,"featured_media":0,"parent":0,"menu_order":0,"comment_status":"closed","ping_status":"closed","template":"","meta":{"footnotes":""},"class_list":["post-978","page","type-page","status-publish","hentry"],"yoast_head":"<!-- This site is optimized with the Yoast SEO Premium plugin v19.5 (Yoast SEO v19.13) - https:\/\/yoast.com\/wordpress\/plugins\/seo\/ -->\n<title>Perguntas Frequentes - Baterias Paran\u00e1 Multimarcas<\/title>\n<meta name=\"robots\" content=\"index, follow, max-snippet:-1, max-image-preview:large, max-video-preview:-1\" \/>\n<link rel=\"canonical\" href=\"https:\/\/bateriasparana.com\/espanol\/perguntas-frequentes\/\" \/>\n<meta property=\"og:locale\" content=\"es_ES\" \/>\n<meta property=\"og:type\" content=\"article\" \/>\n<meta property=\"og:title\" content=\"Perguntas Frequentes\" \/>\n<meta property=\"og:description\" content=\"Perguntas Frequentes Qual \u00e9 o procedimento adequado para uma partida auxiliar? A partida auxiliar deve ser realizada apenas em situa\u00e7\u00f5es de emerg\u00eancia. Na\" \/>\n<meta property=\"og:url\" content=\"https:\/\/bateriasparana.com\/espanol\/perguntas-frequentes\/\" \/>\n<meta property=\"og:site_name\" content=\"Baterias Paran\u00e1 Multimarcas\" \/>\n<meta property=\"article:publisher\" content=\"https:\/\/www.facebook.com\/bateriasparanamultimarcas\" \/>\n<meta property=\"article:modified_time\" content=\"2022-11-23T18:31:42+00:00\" \/>\n<meta property=\"og:image\" content=\"https:\/\/bateriasparana.com\/wp-content\/uploads\/2021\/08\/profile-picture.jpg\" \/>\n\t<meta property=\"og:image:width\" content=\"239\" \/>\n\t<meta property=\"og:image:height\" content=\"239\" \/>\n\t<meta property=\"og:image:type\" content=\"image\/jpeg\" \/>\n<meta name=\"twitter:card\" content=\"summary_large_image\" \/>\n<meta name=\"twitter:label1\" content=\"Tiempo de lectura\" \/>\n\t<meta name=\"twitter:data1\" content=\"3 minutos\" \/>\n<script type=\"application\/ld+json\" class=\"yoast-schema-graph\">{\"@context\":\"https:\/\/schema.org\",\"@graph\":[{\"@type\":\"WebPage\",\"@id\":\"https:\/\/bateriasparana.com\/perguntas-frequentes\/\",\"url\":\"https:\/\/bateriasparana.com\/perguntas-frequentes\/\",\"name\":\"Perguntas Frequentes - Baterias Paran\u00e1 Multimarcas\",\"isPartOf\":{\"@id\":\"https:\/\/bateriasparana.com\/#website\"},\"datePublished\":\"2021-07-23T14:40:30+00:00\",\"dateModified\":\"2022-11-23T18:31:42+00:00\",\"breadcrumb\":{\"@id\":\"https:\/\/bateriasparana.com\/perguntas-frequentes\/#breadcrumb\"},\"inLanguage\":\"es\",\"potentialAction\":[{\"@type\":\"ReadAction\",\"target\":[\"https:\/\/bateriasparana.com\/perguntas-frequentes\/\"]}]},{\"@type\":\"BreadcrumbList\",\"@id\":\"https:\/\/bateriasparana.com\/perguntas-frequentes\/#breadcrumb\",\"itemListElement\":[{\"@type\":\"ListItem\",\"position\":1,\"name\":\"In\u00edcio\",\"item\":\"https:\/\/bateriasparana.com\/\"},{\"@type\":\"ListItem\",\"position\":2,\"name\":\"Perguntas Frequentes\"}]},{\"@type\":\"WebSite\",\"@id\":\"https:\/\/bateriasparana.com\/#website\",\"url\":\"https:\/\/bateriasparana.com\/\",\"name\":\"Baterias Paran\u00e1 Multimarcas\",\"description\":\"Presente no mercado desde 2002, trabalhando com zelo e qualidade para satisfazer seus clientes.\",\"publisher\":{\"@id\":\"https:\/\/bateriasparana.com\/#organization\"},\"alternateName\":\"Baterias Paran\u00e1\",\"potentialAction\":[{\"@type\":\"SearchAction\",\"target\":{\"@type\":\"EntryPoint\",\"urlTemplate\":\"https:\/\/bateriasparana.com\/?s={search_term_string}\"},\"query-input\":\"required name=search_term_string\"}],\"inLanguage\":\"es\"},{\"@type\":\"Organization\",\"@id\":\"https:\/\/bateriasparana.com\/#organization\",\"name\":\"Baterias Paran\u00e1 Multimarcas\",\"alternateName\":\"Baterias Paran\u00e1\",\"url\":\"https:\/\/bateriasparana.com\/\",\"logo\":{\"@type\":\"ImageObject\",\"inLanguage\":\"es\",\"@id\":\"https:\/\/bateriasparana.com\/#\/schema\/logo\/image\/\",\"url\":\"https:\/\/bateriasparana.com\/wp-content\/uploads\/2021\/08\/profile-picture.jpg\",\"contentUrl\":\"https:\/\/bateriasparana.com\/wp-content\/uploads\/2021\/08\/profile-picture.jpg\",\"width\":239,\"height\":239,\"caption\":\"Baterias Paran\u00e1 Multimarcas\"},\"image\":{\"@id\":\"https:\/\/bateriasparana.com\/#\/schema\/logo\/image\/\"},\"sameAs\":[\"https:\/\/www.instagram.com\/bpmcde\",\"https:\/\/www.facebook.com\/bateriasparanamultimarcas\"]}]}<\/script>\n<!-- \/ Yoast SEO Premium plugin. -->","yoast_head_json":{"title":"Perguntas Frequentes - Baterias Paran\u00e1 Multimarcas","robots":{"index":"index","follow":"follow","max-snippet":"max-snippet:-1","max-image-preview":"max-image-preview:large","max-video-preview":"max-video-preview:-1"},"canonical":"https:\/\/bateriasparana.com\/espanol\/perguntas-frequentes\/","og_locale":"es_ES","og_type":"article","og_title":"Perguntas Frequentes","og_description":"Perguntas Frequentes Qual \u00e9 o procedimento adequado para uma partida auxiliar? A partida auxiliar deve ser realizada apenas em situa\u00e7\u00f5es de emerg\u00eancia. Na","og_url":"https:\/\/bateriasparana.com\/espanol\/perguntas-frequentes\/","og_site_name":"Baterias Paran\u00e1 Multimarcas","article_publisher":"https:\/\/www.facebook.com\/bateriasparanamultimarcas","article_modified_time":"2022-11-23T18:31:42+00:00","og_image":[{"width":239,"height":239,"url":"https:\/\/bateriasparana.com\/wp-content\/uploads\/2021\/08\/profile-picture.jpg","type":"image\/jpeg"}],"twitter_card":"summary_large_image","twitter_misc":{"Tiempo de lectura":"3 minutos"},"schema":{"@context":"https:\/\/schema.org","@graph":[{"@type":"WebPage","@id":"https:\/\/bateriasparana.com\/perguntas-frequentes\/","url":"https:\/\/bateriasparana.com\/perguntas-frequentes\/","name":"Perguntas Frequentes - Baterias Paran\u00e1 Multimarcas","isPartOf":{"@id":"https:\/\/bateriasparana.com\/#website"},"datePublished":"2021-07-23T14:40:30+00:00","dateModified":"2022-11-23T18:31:42+00:00","breadcrumb":{"@id":"https:\/\/bateriasparana.com\/perguntas-frequentes\/#breadcrumb"},"inLanguage":"es","potentialAction":[{"@type":"ReadAction","target":["https:\/\/bateriasparana.com\/perguntas-frequentes\/"]}]},{"@type":"BreadcrumbList","@id":"https:\/\/bateriasparana.com\/perguntas-frequentes\/#breadcrumb","itemListElement":[{"@type":"ListItem","position":1,"name":"In\u00edcio","item":"https:\/\/bateriasparana.com\/"},{"@type":"ListItem","position":2,"name":"Perguntas Frequentes"}]},{"@type":"WebSite","@id":"https:\/\/bateriasparana.com\/#website","url":"https:\/\/bateriasparana.com\/","name":"Baterias Paran\u00e1 Multimarcas","description":"Presente no mercado desde 2002, trabalhando com zelo e qualidade para satisfazer seus clientes.","publisher":{"@id":"https:\/\/bateriasparana.com\/#organization"},"alternateName":"Baterias Paran\u00e1","potentialAction":[{"@type":"SearchAction","target":{"@type":"EntryPoint","urlTemplate":"https:\/\/bateriasparana.com\/?s={search_term_string}"},"query-input":"required name=search_term_string"}],"inLanguage":"es"},{"@type":"Organization","@id":"https:\/\/bateriasparana.com\/#organization","name":"Baterias Paran\u00e1 Multimarcas","alternateName":"Baterias Paran\u00e1","url":"https:\/\/bateriasparana.com\/","logo":{"@type":"ImageObject","inLanguage":"es","@id":"https:\/\/bateriasparana.com\/#\/schema\/logo\/image\/","url":"https:\/\/bateriasparana.com\/wp-content\/uploads\/2021\/08\/profile-picture.jpg","contentUrl":"https:\/\/bateriasparana.com\/wp-content\/uploads\/2021\/08\/profile-picture.jpg","width":239,"height":239,"caption":"Baterias Paran\u00e1 Multimarcas"},"image":{"@id":"https:\/\/bateriasparana.com\/#\/schema\/logo\/image\/"},"sameAs":["https:\/\/www.instagram.com\/bpmcde","https:\/\/www.facebook.com\/bateriasparanamultimarcas"]}]}},"_links":{"self":[{"href":"https:\/\/bateriasparana.com\/espanol\/wp-json\/wp\/v2\/pages\/978","targetHints":{"allow":["GET"]}}],"collection":[{"href":"https:\/\/bateriasparana.com\/espanol\/wp-json\/wp\/v2\/pages"}],"about":[{"href":"https:\/\/bateriasparana.com\/espanol\/wp-json\/wp\/v2\/types\/page"}],"author":[{"embeddable":true,"href":"https:\/\/bateriasparana.com\/espanol\/wp-json\/wp\/v2\/users\/1"}],"replies":[{"embeddable":true,"href":"https:\/\/bateriasparana.com\/espanol\/wp-json\/wp\/v2\/comments?post=978"}],"version-history":[{"count":0,"href":"https:\/\/bateriasparana.com\/espanol\/wp-json\/wp\/v2\/pages\/978\/revisions"}],"wp:attachment":[{"href":"https:\/\/bateriasparana.com\/espanol\/wp-json\/wp\/v2\/media?parent=978"}],"curies":[{"name":"wp","href":"https:\/\/api.w.org\/{rel}","templated":true}]}}